{"id":3355,"date":"2026-02-12T13:41:10","date_gmt":"2026-02-12T10:41:10","guid":{"rendered":"https:\/\/kalitetercume.com.tr\/Legal\/?page_id=3355"},"modified":"2026-02-12T14:35:42","modified_gmt":"2026-02-12T11:35:42","slug":"carriere","status":"publish","type":"page","link":"https:\/\/kalitetercume.com.tr\/Legal\/fr\/carriere\/","title":{"rendered":"Carri\u00e8re"},"content":{"rendered":"<div class=\"wpb-content-wrapper\"><p>[vc_row][vc_column width=&#8221;1\/4&#8243;][\/vc_column][vc_column width=&#8221;1\/4&#8243;][\/vc_column][vc_column width=&#8221;1\/4&#8243;][\/vc_column][vc_column width=&#8221;1\/4&#8243;][\/vc_column][\/vc_row][vc_row wrap_container=&#8221;yes&#8221; content_placement=&#8221;middle&#8221; css=&#8221;.vc_custom_1761807430128{padding-top: 50px !important;padding-bottom: 50px !important;}&#8221; conditional_render=&#8221;%5B%7B%22value_role%22%3A%22administrator%22%7D%5D&#8221; css_params=&#8221;&#8221;][vc_column offset=&#8221;vc_col-lg-8 vc_col-md-8&#8243;][vc_empty_space height=&#8221;30px&#8221; css_params=&#8221;&#8221;][vc_separator color=&#8221;custom&#8221; border_width=&#8221;3&#8243; css_animation=&#8221;slideInLeft&#8221; style=&#8221;solid&#8221; el_class=&#8221;custom-border customLineAnimation d-inline-block me-3 mb-1&#8243; accent_color=&#8221;#00a1cd&#8221;][vc_custom_heading text=&#8221;Carri\u00e8re&#8221; font_container=&#8221;tag:h6|font_size:2.2em|text_align:left|color:var(&#8211;porto-quaternary-color)|line_height:1.3&#8243; use_theme_fonts=&#8221;yes&#8221; font_weight=&#8221;600&#8243; animation_delay=&#8221;1000&#8243; el_class=&#8221;mb-2 d-inline-block&#8221; animation_type=&#8221;fadeInLeft&#8221; css_params=&#8221;&#8221;][\/vc_column][\/vc_row][vc_row full_width_css=&#8221;stretch_row_css&#8221; wrap_container=&#8221;yes&#8221; conditional_render=&#8221;%5B%7B%22value_role%22%3A%22administrator%22%7D%5D&#8221; css_params=&#8221;&#8221; css=&#8221;.vc_custom_1763120198096{border-top-width: 30px !important;border-bottom-width: 30px !important;background-color: #393c40 !important;}&#8221;][vc_column width=&#8221;2\/3&#8243;][vc_empty_space height=&#8221;20px&#8221; css_params=&#8221;&#8221;][vc_empty_space height=&#8221;20px&#8221; css_params=&#8221;&#8221;][vc_column_text css=&#8221;.vc_custom_1770892817066{margin-top: 30px !important;}&#8221; css_params=&#8221;&#8221;]<\/p>\n<h3 style=\"color: #fff;\"><strong>Traducteur juridique ind\u00e9pendant<\/strong><\/h3>\n<p>[\/vc_column_text][vc_column_text css=&#8221;&#8221; css_params=&#8221;&#8221;]<\/p>\n<p style=\"text-align: justify; color: #fff;\"><strong>Kalite Legal Translations<\/strong>, un fournisseur de premier plan de services de traduction juridique et linguistique, poursuit sa croissance soutenue sur le march\u00e9 mondial. Avec l&#8217;expansion de notre client\u00e8le dans plus de 50 pays, nous recherchons des traducteurs ind\u00e9pendants hautement qualifi\u00e9s et exp\u00e9riment\u00e9s pour rejoindre notre r\u00e9seau international.<\/p>\n<p style=\"text-align: justify; color: #fff;\">Nous accordons une grande importance au professionnalisme, \u00e0 la pr\u00e9cision et \u00e0 la confidentialit\u00e9 dans chaque projet. Notre processus de traduction en trois phases \u2013 traduction, r\u00e9vision et correction \u2013 garantit non seulement une qualit\u00e9 linguistique optimale, mais permet \u00e9galement \u00e0 nos traducteurs de perfectionner constamment leur expertise en langage et en sujets juridiques. Nombre de nos traducteurs ind\u00e9pendants appr\u00e9cient les opportunit\u00e9s de d\u00e9veloppement professionnel et de collaboration offertes par notre syst\u00e8me.<\/p>\n<p style=\"text-align: justify; color: #fff;\">Nous invitons les linguistes dot\u00e9s d&#8217;un sens aigu des responsabilit\u00e9s, d&#8217;un engagement envers les normes \u00e9thiques et d&#8217;une priorit\u00e9 accord\u00e9e \u00e0 la satisfaction du client \u00e0 rejoindre notre \u00e9quipe de traducteurs juridiques ind\u00e9pendants.<\/p>\n<p>[\/vc_column_text][vc_empty_space height=&#8221;20px&#8221; css_params=&#8221;&#8221;][vc_empty_space height=&#8221;20px&#8221; css_params=&#8221;&#8221;][\/vc_column][vc_column width=&#8221;1\/3&#8243;][vc_empty_space height=&#8221;20px&#8221; css_params=&#8221;&#8221;][vc_empty_space height=&#8221;20px&#8221; css_params=&#8221;&#8221;][vc_empty_space height=&#8221;20px&#8221; css_params=&#8221;&#8221;][vc_single_image image=&#8221;1643&#8243; img_size=&#8221;full&#8221; css=&#8221;.vc_custom_1763120380270{margin-top: 70px !important;}&#8221; css_params=&#8221;&#8221;][\/vc_column][\/vc_row][vc_row full_width_css=&#8221;stretch_row_css&#8221; wrap_container=&#8221;yes&#8221; conditional_render=&#8221;%5B%7B%22value_role%22%3A%22administrator%22%7D%5D&#8221; css_params=&#8221;&#8221; css=&#8221;.vc_custom_1763120452958{margin-top: 30px !important;margin-bottom: 30px !important;}&#8221;][vc_column width=&#8221;1\/4&#8243;][vc_empty_space height=&#8221;60px&#8221; css_params=&#8221;&#8221;][vc_single_image image=&#8221;1646&#8243; img_size=&#8221;full&#8221; css=&#8221;.vc_custom_1763120523100{margin-top: 60px !important;}&#8221; css_params=&#8221;&#8221;][\/vc_column][vc_column width=&#8221;3\/4&#8243;][vc_column_text css=&#8221;.vc_custom_1770893429528{margin-top: 60px !important;}&#8221; css_params=&#8221;&#8221;]<\/p>\n<h3><strong>Qualifications requises<\/strong><\/h3>\n<p>[\/vc_column_text][vc_column_text css=&#8221;.vc_custom_1770893512371{margin-left: 30px !important;}&#8221; css_params=&#8221;&#8221;]\u2022 Minimum de 2 ans d&#8217;exp\u00e9rience professionnelle en traduction (de pr\u00e9f\u00e9rence dans le domaine juridique)<\/p>\n<p>\u2022 Licence en traduction et interpr\u00e9tation, droit, linguistique ou dans une discipline technique pertinente<\/p>\n<p>\u2022 Excellente ma\u00eetrise de la terminologie et des expressions utilis\u00e9es dans les domaines juridiques ou connexes<\/p>\n<p>\u2022 Ma\u00eetrise des outils de TAO et des applications Microsoft Office<\/p>\n<p>\u2022 Excellentes comp\u00e9tences en recherche et souci du d\u00e9tail<\/p>\n<p>\u2022 Autonome, fiable et capable de respecter les d\u00e9lais avec un minimum de supervision.<\/p>\n<p>\u2022 Excellentes comp\u00e9tences en communication \u00e9crite et grande r\u00e9activit\u00e9[\/vc_column_text][\/vc_column][\/vc_row][vc_row full_width_css=&#8221;stretch_row_css&#8221; wrap_container=&#8221;yes&#8221; conditional_render=&#8221;%5B%7B%22value_role%22%3A%22administrator%22%7D%5D&#8221; css_params=&#8221;&#8221; css=&#8221;.vc_custom_1763120198096{border-top-width: 30px !important;border-bottom-width: 30px !important;background-color: #393c40 !important;}&#8221;][vc_column width=&#8221;2\/3&#8243;][vc_empty_space height=&#8221;20px&#8221; css_params=&#8221;&#8221;][vc_empty_space height=&#8221;20px&#8221; css_params=&#8221;&#8221;][vc_column_text css=&#8221;.vc_custom_1770895118484{margin-top: 30px !important;}&#8221; css_params=&#8221;&#8221;]<\/p>\n<h3 style=\"color: #fff;\"><strong>Processus de travail<\/strong><\/h3>\n<p>[\/vc_column_text][vc_column_text css=&#8221;&#8221; css_params=&#8221;&#8221;]<\/p>\n<p style=\"text-align: justify; color: #fff;\">Notre processus de traduction standard garantit la coh\u00e9rence, la transparence et la qualit\u00e9 \u00e0 chaque \u00e9tape :<\/p>\n<p>[\/vc_column_text][vc_column_text css=&#8221;&#8221; css_params=&#8221;&#8221;]<\/p>\n<ol style=\"margin-left: 15px; color: #fff;\">\n<li><strong>Affectation :<\/strong> Le chef de projet attribue le document concern\u00e9 \u00e0 un traducteur qualifi\u00e9 et confirme la date limite de livraison.<\/li>\n<li><strong>Traduction : <\/strong>Le traducteur effectue la traduction initiale en accordant une attention particuli\u00e8re \u00e0 la terminologie et au contexte.<\/li>\n<li><strong>R\u00e9vision : <\/strong>Le texte est ensuite relu par un second linguiste ou r\u00e9viseur sp\u00e9cialis\u00e9 dans le domaine juridique.<\/li>\n<li><strong>Relecture :<\/strong> Le fichier traduit est renvoy\u00e9 au traducteur initial pour une relecture finale et une confirmation de la qualit\u00e9.<\/li>\n<\/ol>\n<p>[\/vc_column_text][vc_column_text css=&#8221;&#8221; css_params=&#8221;&#8221;]<\/p>\n<p style=\"text-align: justify; color: #fff;\">Nous respectons l&#8217;\u00e9quilibre vie professionnelle-vie priv\u00e9e de nos partenaires ind\u00e9pendants et n&#8217;insistons jamais pour accepter des projets incompatibles avec leurs disponibilit\u00e9s. Les retards ou interruptions de projet raisonnables sont acceptables \u00e0 condition d&#8217;\u00eatre communiqu\u00e9s \u00e0 l&#8217;avance.<\/p>\n<p>[\/vc_column_text][vc_empty_space height=&#8221;20px&#8221; css_params=&#8221;&#8221;][vc_empty_space height=&#8221;20px&#8221; css_params=&#8221;&#8221;][\/vc_column][vc_column width=&#8221;1\/3&#8243;][vc_single_image image=&#8221;2034&#8243; img_size=&#8221;full&#8221; css=&#8221;.vc_custom_1763121631227{margin-top: 140px !important;}&#8221; css_params=&#8221;&#8221;][\/vc_column][\/vc_row][vc_row full_width_css=&#8221;stretch_row_css&#8221; wrap_container=&#8221;yes&#8221; conditional_render=&#8221;%5B%7B%22value_role%22%3A%22administrator%22%7D%5D&#8221; css_params=&#8221;&#8221; css=&#8221;.vc_custom_1763121704987{margin-top: 30px !important;margin-bottom: 30px !important;}&#8221;][vc_column width=&#8221;1\/3&#8243;][vc_single_image image=&#8221;2042&#8243; img_size=&#8221;full&#8221; css=&#8221;.vc_custom_1763122165521{margin-top: 160px !important;}&#8221; css_params=&#8221;&#8221;][\/vc_column][vc_column width=&#8221;2\/3&#8243;][vc_column_text css=&#8221;.vc_custom_1770895706765{margin-top: 60px !important;}&#8221; css_params=&#8221;&#8221;]<\/p>\n<h3><strong>Attentes envers les traducteurs ind\u00e9pendants<\/strong><\/h3>\n<p>[\/vc_column_text][vc_column_text css=&#8221;.vc_custom_1770895769660{margin-left: 30px !important;}&#8221; css_params=&#8221;&#8221;]\u2022 Ne commencez aucun projet sans avoir re\u00e7u de confirmation \u00e9crite de notre \u00e9quipe de gestion de projet.<\/p>\n<p>\u2022 Avertissez imm\u00e9diatement l&#8217;\u00e9quipe en cas de retards impr\u00e9vus, de probl\u00e8mes techniques ou d&#8217;incapacit\u00e9 \u00e0 mener \u00e0 bien la t\u00e2che.<\/p>\n<p>\u2022 Traductions compl\u00e8tes r\u00e9alis\u00e9es personnellement \u2014 nous ne travaillons pas avec des groupes de traducteurs non v\u00e9rifi\u00e9s.<\/p>\n<p>\u2022 Maintenir une communication claire et opportune tout au long du projet.<\/p>\n<p>\u2022 Effectuer les recherches terminologiques juridiques n\u00e9cessaires et assurer le respect des d\u00e9lais convenus.<\/p>\n<p>\u2022 Effectuez une derni\u00e8re auto-v\u00e9rification pour v\u00e9rifier l&#8217;exactitude de la terminologie, la coh\u00e9rence et la mise en forme avant la soumission.[\/vc_column_text][vc_column_text css=&#8221;&#8221; css_params=&#8221;&#8221;]<\/p>\n<p style=\"text-align: justify;\">Tous les autres d\u00e9tails pertinents et les instructions sp\u00e9cifiques au projet seront fournis avant chaque mission.<\/p>\n<p>[\/vc_column_text][\/vc_column][\/vc_row][vc_row full_width_css=&#8221;stretch_row_css&#8221; wrap_container=&#8221;yes&#8221; conditional_render=&#8221;%5B%7B%22value_role%22%3A%22administrator%22%7D%5D&#8221; css_params=&#8221;&#8221; css=&#8221;.vc_custom_1763120198096{border-top-width: 30px !important;border-bottom-width: 30px !important;background-color: #393c40 !important;}&#8221;][vc_column width=&#8221;2\/3&#8243;][vc_empty_space height=&#8221;20px&#8221; css_params=&#8221;&#8221;][vc_empty_space height=&#8221;20px&#8221; css_params=&#8221;&#8221;][vc_column_text css=&#8221;.vc_custom_1770895808493{margin-top: 30px !important;}&#8221; css_params=&#8221;&#8221;]<\/p>\n<h3 style=\"color: #fff;\"><strong>Comment nous travaillons avec nos traducteurs<\/strong><\/h3>\n<p>[\/vc_column_text][vc_column_text css=&#8221;&#8221; css_params=&#8221;&#8221;]<\/p>\n<p style=\"text-align: justify; color: #fff;\">Chez Kalite Legal Translations, nous collaborons avec des linguistes professionnels gr\u00e2ce \u00e0 un flux de travail clair, efficace et ax\u00e9 sur la qualit\u00e9.<\/p>\n<p>[\/vc_column_text][vc_column_text css=&#8221;&#8221; css_params=&#8221;&#8221;]<\/p>\n<ol style=\"margin-left: 15px; color: #fff;\">\n<li>Quels outils de TAO utilisez-vous ? (par exemple : Trados, memoQ, Memsource, Wordfast)<\/li>\n<li>Quels types de documents utilisez-vous ? Word, PDF, Excel, PowerPoint, fichiers num\u00e9ris\u00e9s ou autres formats sp\u00e9ciaux ?<\/li>\n<li>Lequel utilisez-vous pour vos transferts et chargements s\u00e9curis\u00e9s ? (OneDrive, Google Drive, Dropbox)<\/li>\n<\/ol>\n<p>[\/vc_column_text][vc_column_text css=&#8221;&#8221; css_params=&#8221;&#8221;]<\/p>\n<p style=\"text-align: justify; color: #fff;\">Votre CV sera examin\u00e9 dans le cadre de notre processus d&#8217;\u00e9valuation. Si votre profil correspond \u00e0 nos crit\u00e8res, nous vous contacterons.<\/p>\n<p>[\/vc_column_text][vc_empty_space height=&#8221;20px&#8221; css_params=&#8221;&#8221;][vc_empty_space height=&#8221;20px&#8221; css_params=&#8221;&#8221;][\/vc_column][vc_column width=&#8221;1\/3&#8243;][vc_single_image image=&#8221;1655&#8243; img_size=&#8221;full&#8221; css=&#8221;.vc_custom_1763125058590{margin-top: 50px !important;}&#8221; css_params=&#8221;&#8221;][\/vc_column][\/vc_row][vc_row full_width_css=&#8221;stretch_row_css&#8221; wrap_container=&#8221;yes&#8221; conditional_render=&#8221;%5B%7B%22value_role%22%3A%22administrator%22%7D%5D&#8221; css_params=&#8221;&#8221; css=&#8221;.vc_custom_1763125137159{margin-top: 40px !important;margin-bottom: 40px !important;}&#8221;][vc_column width=&#8221;1\/3&#8243;][vc_empty_space height=&#8221;20px&#8221; css_params=&#8221;&#8221;][vc_single_image image=&#8221;2054&#8243; img_size=&#8221;600*500&#8243; css=&#8221;&#8221; css_params=&#8221;&#8221;][\/vc_column][vc_column width=&#8221;2\/3&#8243;][vc_column_text css=&#8221;.vc_custom_1770895893645{margin-top: 40px !important;}&#8221; css_params=&#8221;&#8221;]<\/p>\n<h3><strong>Formulaire de demande<\/strong><\/h3>\n<p>[\/vc_column_text][vc_column_text css=&#8221;&#8221; css_params=&#8221;&#8221;]<\/p>\n<p style=\"text-align: justify;\">Si vous \u00eates un traducteur juridique qualifi\u00e9 et que vous souhaitez collaborer avec Kalite Legal Translations, veuillez remplir notre formulaire de candidature de traducteur ind\u00e9pendant ci-dessous.<\/p>\n<p style=\"text-align: justify;\">Nos \u00e9quipes RH et de gestion de projet examineront votre profil et vous contacteront concernant d&#8217;\u00e9ventuelles opportunit\u00e9s de collaboration.<\/p>\n<p>[\/vc_column_text][vc_btn title=&#8221;Postulez maintenant \u2192&#8221; skin=&#8221;primary&#8221; btn_fw=&#8221;700&#8243; el_cls=&#8221;br-thick&#8221; link=&#8221;url:https%3A%2F%2Fkalitetercume.com.tr%2Ffreelance-translator-application-form|title:Contact|target:_blank&#8221; btn_px=&#8221;2.4rem&#8221; btn_py=&#8221;1.29rem&#8221; el_class=&#8221;text-none mb-0&#8243; css_params=&#8221;&#8221;][vc_empty_space height=&#8221;20px&#8221; css_params=&#8221;&#8221;][vc_empty_space height=&#8221;20px&#8221; css_params=&#8221;&#8221;][\/vc_column][\/vc_row][vc_row wrap_container=&#8221;yes&#8221; animation_delay=&#8221;300&#8243; el_class=&#8221;overlay-dark position-relative&#8221; css=&#8221;.vc_custom_1767104728681{padding-top: 106px !important;padding-bottom: 55px !important;background-image: url(https:\/\/kalitetercume.com.tr\/Legal\/wp-content\/uploads\/2025\/12\/lf2-background-1-1.jpg?id=2687) !important;background-position: center !important;background-repeat: no-repeat !important;background-size: cover !important;}&#8221; animation_type=&#8221;fadeIn&#8221; conditional_render=&#8221;%5B%7B%22value_role%22%3A%22administrator%22%7D%5D&#8221; css_params=&#8221;&#8221;][vc_column el_class=&#8221;z-index-1&#8243; conditional_render=&#8221;%5B%7B%22value_role%22%3A%22administrator%22%7D%5D&#8221;][vc_custom_heading text=&#8221;Notre diff\u00e9rence&#8221; font_container=&#8221;tag:h4|font_size:1.2em|text_align:center&#8221; use_theme_fonts=&#8221;yes&#8221; font_weight=&#8221;600&#8243; skin=&#8221;primary&#8221; letter_spacing=&#8221;-0.05em&#8221; css=&#8221;.vc_custom_1770895990627{margin-bottom: 15px !important;}&#8221; css_params=&#8221;&#8221;][vc_custom_heading text=&#8221;D\u00e9tails de l\u2019entreprise&#8221; font_container=&#8221;tag:h2|font_size:2.75em|text_align:center|line_height:24px&#8221; use_theme_fonts=&#8221;yes&#8221; font_weight=&#8221;700&#8243; skin=&#8221;light&#8221; letter_spacing=&#8221;-1px&#8221; el_class=&#8221;pb-3 mb-5 font-style-normal&#8221; css_params=&#8221;&#8221;][vc_custom_heading text=&#8221;Notre diff\u00e9rence repose sur une sp\u00e9cialisation juridique approfondie. Nous collaborons exclusivement avec des traducteurs et r\u00e9viseurs juristes, form\u00e9s au droit et disposant, pour beaucoup, de dipl\u00f4mes avanc\u00e9s en droit ou en linguistique juridique.<br \/>\nCette expertise garantit que chaque document juridique \u2014 qu\u2019il s\u2019agisse de contrats ou de dossiers d\u2019arbitrage \u2014 conserve toute sa pr\u00e9cision, sa port\u00e9e juridique et sa force ex\u00e9cutoire.&#8221; font_container=&#8221;tag:p|font_size:1.2em|text_align:center|line_height:26px&#8221; use_theme_fonts=&#8221;yes&#8221; skin=&#8221;light&#8221; css=&#8221;.vc_custom_1770896008538{padding-bottom: 2px !important;}&#8221; el_class=&#8221;mx-auto mb-3 col-md-11 px-0&#8243; css_params=&#8221;&#8221;][vc_row_inner el_class=&#8221;pt-5 pb-4&#8243;][vc_column_inner width=&#8221;1\/2&#8243; offset=&#8221;vc_col-md-3&#8243;]<div class=\"stats-block stats-top   wpb_custom_c4adc97aea333ecd4954deba660692d8\"><div class=\"stats-desc\"><div id=\"counter_92471430269e0a40ce9ee1\" data-id=\"counter_92471430269e0a40ce9ee1\" class=\"stats-number\" style=\" font-size:4em;line-height:1.2;color:#ffffff;\" data-speed=\"3\" data-counter-value=\"25\" data-separator=\",\" data-decimal=\".\">0<\/div><div class=\"counter_suffix mycust\" style=\" font-size:4em;color:var(--porto-primary-color)\">+<\/div><div class=\"stats-text\" style=\"font-weight:700;font-size:1.2em;line-height:15px;color:#ffffff;\">Exp\u00e9rience<\/div><\/div><\/div>[\/vc_column_inner][vc_column_inner width=&#8221;1\/2&#8243; offset=&#8221;vc_col-md-3&#8243;]<div class=\"stats-block stats-top   wpb_custom_c4adc97aea333ecd4954deba660692d8\"><div class=\"stats-desc\"><div id=\"counter_159861841069e0a40cea2a2\" data-id=\"counter_159861841069e0a40cea2a2\" class=\"stats-number\" style=\" font-size:4em;line-height:1.2;color:#ffffff;\" data-speed=\"3\" data-counter-value=\"23.283\" data-separator=\",\" data-decimal=\".\">0<\/div><div class=\"counter_suffix mycust\" style=\" font-size:4em;color:var(--porto-primary-color)\">+<\/div><div class=\"stats-text\" style=\"font-weight:700;font-size:1.2em;line-height:15px;color:#ffffff;\">Projets<\/div><\/div><\/div>[\/vc_column_inner][vc_column_inner width=&#8221;1\/2&#8243; offset=&#8221;vc_col-md-3&#8243;]<div class=\"stats-block stats-top   wpb_custom_c4adc97aea333ecd4954deba660692d8\"><div class=\"stats-desc\"><div id=\"counter_114962922369e0a40cea605\" data-id=\"counter_114962922369e0a40cea605\" class=\"stats-number\" style=\" font-size:4em;line-height:1.2;color:#ffffff;\" data-speed=\"3\" data-counter-value=\"450\" data-separator=\"none\" data-decimal=\".\">0<\/div><div class=\"counter_suffix mycust\" style=\" font-size:4em;color:var(--porto-primary-color)\">+<\/div><div class=\"stats-text\" style=\"font-weight:700;font-size:1.2em;line-height:15px;color:#ffffff;\">Linguistes<\/div><\/div><\/div>[\/vc_column_inner][vc_column_inner width=&#8221;1\/2&#8243; offset=&#8221;vc_col-md-3&#8243;]<div class=\"stats-block stats-top   wpb_custom_c4adc97aea333ecd4954deba660692d8\"><div class=\"stats-desc\"><div id=\"counter_68221718269e0a40cea96d\" data-id=\"counter_68221718269e0a40cea96d\" class=\"stats-number\" style=\" font-size:4em;line-height:1.2;color:#ffffff;\" data-speed=\"3\" data-counter-value=\"50\" data-separator=\",\" data-decimal=\".\">0<\/div><div class=\"counter_suffix mycust\" style=\" font-size:4em;color:var(--porto-primary-color)\">+<\/div><div class=\"stats-text\" style=\"font-weight:700;font-size:1.2em;line-height:15px;color:#ffffff;\">Langues<\/div><\/div><\/div>[\/vc_column_inner][\/vc_row_inner][\/vc_column][\/vc_row][vc_row wrap_container=&#8221;yes&#8221; content_placement=&#8221;middle&#8221; animation_delay=&#8221;&#8221; css=&#8221;.vc_custom_1709680861094{padding-top: 90px !important;padding-bottom: 90px !important;background-color: #4e4129 !important;}&#8221; conditional_render=&#8221;%5B%7B%22value_role%22%3A%22administrator%22%7D%5D&#8221;][vc_column offset=&#8221;vc_col-lg-6&#8243; el_class=&#8221;mb-5 mb-xl-0&#8243;][vc_custom_heading text=&#8221;Comment pouvons-nous vous aider ?&#8221; font_container=&#8221;tag:h4|font_size:1.2em|text_align:center|color:rgba(255%2C255%2C255%2C0.9)|line_height:24px&#8221; use_theme_fonts=&#8221;yes&#8221; font_weight=&#8221;600&#8243; letter_spacing=&#8221;-0.05em&#8221; animation_delay=&#8221;500&#8243; el_class=&#8221;opacity-9 mb-1&#8243; animation_type=&#8221;lightSpeedIn&#8221; css_params=&#8221;&#8221;][vc_custom_heading text=&#8221;Avez-vous besoin d&#8217;une traduction l\u00e9gale ?&#8221; font_container=&#8221;tag:h2|font_size:2.75em|text_align:center&#8221; use_theme_fonts=&#8221;yes&#8221; font_weight=&#8221;700&#8243; skin=&#8221;light&#8221; letter_spacing=&#8221;-1px&#8221; animation_delay=&#8221;750&#8243; el_class=&#8221;mb-2 font-style-normal&#8221; animation_type=&#8221;lightSpeedIn&#8221; css_params=&#8221;&#8221;][vc_custom_heading text=&#8221;Contactez-nous imm\u00e9diatement&#8221; font_container=&#8221;tag:p|font_size:1.1em|text_align:center|color:rgba(255%2C255%2C255%2C0.8)|line_height:26px&#8221; use_theme_fonts=&#8221;yes&#8221; animation_delay=&#8221;950&#8243; el_class=&#8221;mb-0 opacity-8&#8243; animation_type=&#8221;lightSpeedIn&#8221; css_params=&#8221;&#8221;][\/vc_column][vc_column animation_delay=&#8221;1600&#8243; el_class=&#8221;mb-5 mb-xl-0 order-lg-first&#8221; offset=&#8221;vc_col-lg-3&#8243; animation_type=&#8221;fadeInRight&#8221; conditional_render=&#8221;%5B%7B%22value_role%22%3A%22administrator%22%7D%5D&#8221;]<div class=\"porto-sicon-box  vc_custom_1761635678173 top-n1-icon-box mb-3 justify-content-center justify-content-xl-start  wpb_custom_a4802976ddc90dd45e8cea536ff68ec0 style_1 default-icon\"><div class=\"porto-sicon-default\"><div class=\"porto-just-icon-wrapper porto-icon none\" style=\"color:#ad9263;font-size:23.1px;\"><i class=\"Simple-Line-Icons-phone\"><\/i><\/div><\/div><div class=\"porto-sicon-header\"><a class=\"porto-sicon-box-link\" href=\"tel:+1234567890\"><div class=\"porto-sicon-title\" style=\"font-weight:700;font-size:21px;color:#ffffff;line-height:24px;letter-spacing:0;\">+90 507 220 38 62<\/div><\/a><\/div> <!-- header --><\/div><!-- porto-sicon-box --><div class=\"porto-sicon-box top-2-icon-box mb-0 justify-content-center justify-content-xl-start  wpb_custom_2ccbe3e616e3e99d1ad178e76088c729 style_1 default-icon\"><div class=\"porto-sicon-default\"><div class=\"porto-just-icon-wrapper porto-icon none\" style=\"color:#ad9263;font-size:25.2px;\"><i class=\"Simple-Line-Icons-envelope\"><\/i><\/div><\/div><div class=\"porto-sicon-header\"><a class=\"porto-sicon-box-link\" href=\"mailto:porto@consulting.com\"><div class=\"porto-sicon-title\" style=\"font-size:16.8px;color:#ffffff;line-height:24px;letter-spacing:0;\">info@kalitetercume.com.tr<\/div><\/a><\/div> <!-- header --><\/div><!-- porto-sicon-box --><div class=\"porto-sicon-box top-n1-icon-box mb-0 justify-content-center justify-content-xl-start  wpb_custom_0b682fc4bf8b805a8067b03b1823b446 style_1 default-icon\"><div class=\"porto-sicon-default\"><div class=\"porto-just-icon-wrapper porto-icon none\" style=\"color:#ad9263;font-size:25.2px;\"><i class=\"Simple-Line-Icons-calendar\"><\/i><\/div><\/div><div class=\"porto-sicon-header\"><h6 class=\"porto-sicon-title\" style=\"\">\u00c0 votre service 24h\/24, 365 jours par an.<\/h6><\/div> <!-- header --><\/div><!-- porto-sicon-box -->[\/vc_column][vc_column animation_delay=&#8221;1600&#8243; offset=&#8221;vc_col-lg-3&#8243; el_class=&#8221;text-center text-xl-end&#8221; animation_type=&#8221;fadeInLeft&#8221;][vc_btn title=&#8221;Enter en contact&#8221; skin=&#8221;primary&#8221; btn_fw=&#8221;700&#8243; el_cls=&#8221;br-thick&#8221; link=&#8221;url:https%3A%2F%2Fkalitetercume.com.tr%2FLegal%2Ffr%2Fcontact-2%2F|title:Contact&#8221; btn_px=&#8221;2.4rem&#8221; btn_py=&#8221;1.29rem&#8221; el_class=&#8221;text-none mb-0&#8243; css_params=&#8221;&#8221;][\/vc_column][\/vc_row]<\/p>\n<\/div>","protected":false},"excerpt":{"rendered":"<p>[vc_row][vc_column width=&#8221;1\/4&#8243;][\/vc_column][vc_column width=&#8221;1\/4&#8243;][\/vc_column][vc_column width=&#8221;1\/4&#8243;][\/vc_column][vc_column width=&#8221;1\/4&#8243;][\/vc_column][\/vc_row][vc_row wrap_container=&#8221;yes&#8221; content_placement=&#8221;middle&#8221; css=&#8221;.vc_custom_1761807430128{padding-top: 50px !important;padding-bottom: 50px !important;}&#8221; conditional_render=&#8221;%5B%7B%22value_role%22%3A%22administrator%22%7D%5D&#8221; css_params=&#8221;&#8221;][vc_column offset=&#8221;vc_col-lg-8 vc_col-md-8&#8243;][vc_empty_space height=&#8221;30px&#8221; css_params=&#8221;&#8221;][vc_separator color=&#8221;custom&#8221; border_width=&#8221;3&#8243; css_animation=&#8221;slideInLeft&#8221; style=&#8221;solid&#8221; el_class=&#8221;custom-border customLineAnimation d-inline-block me-3 mb-1&#8243; accent_color=&#8221;#00a1cd&#8221;][vc_custom_heading text=&#8221;Carri\u00e8re&#8221; font_container=&#8221;tag:h6|font_size:2.2em|text_align:left|color:var(&#8211;porto-quaternary-color)|line_height:1.3&#8243; use_theme_fonts=&#8221;yes&#8221; font_weight=&#8221;600&#8243; animation_delay=&#8221;1000&#8243; el_class=&#8221;mb-2 d-inline-block&#8221; animation_type=&#8221;fadeInLeft&#8221; css_params=&#8221;&#8221;][\/vc_column][\/vc_row][vc_row full_width_css=&#8221;stretch_row_css&#8221; wrap_container=&#8221;yes&#8221; conditional_render=&#8221;%5B%7B%22value_role%22%3A%22administrator%22%7D%5D&#8221; css_params=&#8221;&#8221; css=&#8221;.vc_custom_1763120198096{border-top-width: 30px !important;border-bottom-width: 30px !important;background-color: #393c40 !important;}&#8221;][vc_column width=&#8221;2\/3&#8243;][vc_empty_space height=&#8221;20px&#8221; css_params=&#8221;&#8221;][vc_empty_space height=&#8221;20px&#8221; css_params=&#8221;&#8221;][vc_column_text css=&#8221;.vc_custom_1770892817066{margin-top: 30px [&hellip;]<\/p>\n","protected":false},"author":1,"featured_media":0,"parent":0,"menu_order":0,"comment_status":"closed","ping_status":"closed","template":"","meta":{"_acf_changed":false,"footnotes":""},"class_list":["post-3355","page","type-page","status-publish","hentry"],"acf":[],"_links":{"self":[{"href":"https:\/\/kalitetercume.com.tr\/Legal\/wp-json\/wp\/v2\/pages\/3355","targetHints":{"allow":["GET"]}}],"collection":[{"href":"https:\/\/kalitetercume.com.tr\/Legal\/wp-json\/wp\/v2\/pages"}],"about":[{"href":"https:\/\/kalitetercume.com.tr\/Legal\/wp-json\/wp\/v2\/types\/page"}],"author":[{"embeddable":true,"href":"https:\/\/kalitetercume.com.tr\/Legal\/wp-json\/wp\/v2\/users\/1"}],"replies":[{"embeddable":true,"href":"https:\/\/kalitetercume.com.tr\/Legal\/wp-json\/wp\/v2\/comments?post=3355"}],"version-history":[{"count":6,"href":"https:\/\/kalitetercume.com.tr\/Legal\/wp-json\/wp\/v2\/pages\/3355\/revisions"}],"predecessor-version":[{"id":3362,"href":"https:\/\/kalitetercume.com.tr\/Legal\/wp-json\/wp\/v2\/pages\/3355\/revisions\/3362"}],"wp:attachment":[{"href":"https:\/\/kalitetercume.com.tr\/Legal\/wp-json\/wp\/v2\/media?parent=3355"}],"curies":[{"name":"wp","href":"https:\/\/api.w.org\/{rel}","templated":true}]}}