{"id":3787,"date":"2026-04-16T09:55:05","date_gmt":"2026-04-16T06:55:05","guid":{"rendered":"https:\/\/kalitetercume.com.tr\/Legal\/?page_id=3787"},"modified":"2026-04-16T09:55:05","modified_gmt":"2026-04-16T06:55:05","slug":"fikri-mulkiyet-hukuku","status":"publish","type":"page","link":"https:\/\/kalitetercume.com.tr\/Legal\/tr\/fikri-mulkiyet-hukuku\/","title":{"rendered":"Fikri M\u00fclkiyet Hukuku"},"content":{"rendered":"<div class=\"wpb-content-wrapper\"><p>[vc_row wrap_container=&#8221;yes&#8221; conditional_render=&#8221;%5B%7B%22value_role%22%3A%22administrator%22%7D%5D&#8221; css_params=&#8221;&#8221;][vc_column][vc_empty_space height=&#8221;20px&#8221; css_params=&#8221;&#8221;][vc_empty_space height=&#8221;20px&#8221; css_params=&#8221;&#8221;][vc_empty_space height=&#8221;20px&#8221; css_params=&#8221;&#8221;][\/vc_column][\/vc_row][vc_row full_width_css=&#8221;stretch_row_css&#8221; wrap_container=&#8221;yes&#8221; conditional_render=&#8221;%5B%7B%22value_role%22%3A%22administrator%22%7D%5D&#8221; css_params=&#8221;&#8221;][vc_column width=&#8221;2\/3&#8243;][vc_column_text css=&#8221;&#8221; css_params=&#8221;&#8221;]<\/p>\n<h3><strong><span dir=\"auto\">Patentler, Ticari Markalar ve Telif Haklar\u0131 i\u00e7in Hukuki Terc\u00fcme<\/span><\/strong><\/h3>\n<p><span dir=\"auto\">Fikri m\u00fclkiyet hukuku yarat\u0131c\u0131l\u0131\u011f\u0131, yenili\u011fi ve ticari de\u011feri korur; ancak fikri m\u00fclkiyet dili hem\u00a0<\/span><strong><span dir=\"auto\">hukuki hem de teknik niteliktedir.<\/span><\/strong><\/p>\n<p><span dir=\"auto\">Kalite Legal olarak\u00a0<\/span><strong><span dir=\"auto\">,<\/span><\/strong><span dir=\"auto\">\u00a0dilsel hassasiyeti patent, marka ve telif hakk\u0131 hukukuna dair derinlemesine anlay\u0131\u015fla birle\u015ftirerek, t\u00fcm fikri m\u00fclkiyet belgeleri i\u00e7in\u00a0<\/span><strong><span dir=\"auto\">yeminli \u00e7eviri<\/span><\/strong><span dir=\"auto\">\u00a0konusunda uzmanla\u015fm\u0131\u015f bulunuyoruz .<\/span><\/p>\n<p><span dir=\"auto\">\u00c7evirmenlerimiz,\u00a0fikri m\u00fclkiyet davalar\u0131, tescil ve lisanslama s\u00fcre\u00e7lerinde y\u0131llarca deneyime sahip,\u00a0<\/span><strong><span dir=\"auto\">hukuk e\u011fitimi alm\u0131\u015f dilbilimciler ve teknik uzmanlard\u0131r .<\/span><\/strong><\/p>\n<p><strong><span dir=\"auto\">D\u00fcnya \u00e7ap\u0131ndaki hukuk firmalar\u0131na, patent avukatlar\u0131na, \u015firketlere ve ara\u015ft\u0131rma kurumlar\u0131na<\/span><\/strong><span dir=\"auto\">\u00a0hizmet veriyoruz\u00a0ve her \u00e7evirinin do\u011fru, tutarl\u0131 ve fikri m\u00fclkiyet otoritelerinin gerekliliklerine tam olarak uygun olmas\u0131n\u0131 sa\u011fl\u0131yoruz.<\/span><\/p>\n<h3><span dir=\"auto\">&#8212;&#8212;&#8212;&#8212;&#8212;&#8212;&#8212;&#8212;&#8212;&#8212;&#8212;&#8212;&#8212;&#8212;&#8212;&#8212;&#8212;&#8212;&#8212;&#8212;&#8212;&#8212;&#8212;&#8212;&#8212;&#8212;&#8212;&#8212;&#8212;&#8212;&#8212;<\/span><\/h3>\n<h3><strong><span dir=\"auto\">ISO 17100 Sertifikal\u0131 Hukuki \u00c7eviri ve \u00c7ift G\u00f6zden Ge\u00e7irme<\/span><\/strong><\/h3>\n<p><strong><span dir=\"auto\">Her fikri m\u00fclkiyet hukuku \u00e7evirisi, ISO 17100 sertifikal\u0131 i\u015f ak\u0131\u015f\u0131m\u0131z<\/span><\/strong><span dir=\"auto\">\u00a0kapsam\u0131nda \u00fcretilir ; bu da\u00a0<\/span><strong><span dir=\"auto\">\u00e7evirinin hukuk-teknik uzman\u0131 taraf\u0131ndan yap\u0131lmas\u0131n\u0131<\/span><\/strong><span dir=\"auto\">\u00a0ve\u00a0<strong>ikinci bir uzman taraf\u0131ndan ba\u011f\u0131ms\u0131z olarak d\u00fczeltilmesini<\/strong>\u00a0sa\u011flar .<\/span><\/p>\n<p><span dir=\"auto\">Bu iki a\u015famal\u0131 s\u00fcre\u00e7, fikri m\u00fclkiyet belgelerinin hem hukuki hem de bilimsel y\u00f6nlerinde kesinli\u011fi garanti eder.<\/span><\/p>\n<p><span dir=\"auto\">Ekiplerimiz\u00a0<\/span><strong><span dir=\"auto\">, a\u015fa\u011f\u0131dakiler de dahil olmak \u00fczere, ba\u015fl\u0131ca uluslararas\u0131 fikri m\u00fclkiyet sistemleri ve kurumlar\u0131<\/span><\/strong><span dir=\"auto\">\u00a0hakk\u0131nda bilgi sahibidir :<\/span><\/p>\n<ul>\n<li><strong><span dir=\"auto\">WIPO (D\u00fcnya Fikri M\u00fclkiyet \u00d6rg\u00fct\u00fc)<\/span><\/strong><\/li>\n<li><strong><span dir=\"auto\">EPO (Avrupa Patent Ofisi)<\/span><\/strong><\/li>\n<li><strong><span dir=\"auto\">USPTO (Amerika Birle\u015fik Devletleri Patent ve Marka Ofisi)<\/span><\/strong><\/li>\n<li><strong><span dir=\"auto\">AB Fikri M\u00fclkiyet Ofisi (EUIPO)<\/span><\/strong><\/li>\n<li><strong><span dir=\"auto\">TRIPS Anla\u015fmas\u0131 ve uluslararas\u0131 fikri m\u00fclkiyet s\u00f6zle\u015fmeleri<\/span><\/strong><\/li>\n<li><strong><span dir=\"auto\">Patent \u0130\u015fbirli\u011fi Anla\u015fmas\u0131 (PCT) prosed\u00fcrleri<\/span><\/strong><\/li>\n<\/ul>\n<p><span dir=\"auto\">\u00c7evirilerimizin d\u00fcnya \u00e7ap\u0131ndaki fikri m\u00fclkiyet ofisleri, mahkemeler ve d\u00fczenleyici otoriteler taraf\u0131ndan kabul edilmesini sa\u011fl\u0131yoruz.<\/span><\/p>\n<h3><span dir=\"auto\">&#8212;&#8212;&#8212;&#8212;&#8212;&#8212;&#8212;&#8212;&#8212;&#8212;&#8212;&#8212;&#8212;&#8212;&#8212;&#8212;&#8212;&#8212;&#8212;&#8212;&#8212;&#8212;&#8212;&#8212;&#8212;&#8212;&#8212;&#8212;&#8212;&#8212;&#8212;<\/span><\/h3>\n<h3><strong><span dir=\"auto\">Fikri M\u00fclkiyet Hukuku Belgelerini Terc\u00fcme Ediyoruz<\/span><\/strong><\/h3>\n<ul>\n<li><span dir=\"auto\">Patent \u00f6zellikleri ve haklar\u0131<\/span><\/li>\n<li><span dir=\"auto\">Ticari marka ba\u015fvurular\u0131 ve itiraz dilek\u00e7eleri<\/span><\/li>\n<li><span dir=\"auto\">Telif hakk\u0131 anla\u015fmalar\u0131 ve lisans s\u00f6zle\u015fmeleri<\/span><\/li>\n<li><span dir=\"auto\">Teknoloji transferi ve Ar-Ge anla\u015fmalar\u0131<\/span><\/li>\n<li><span dir=\"auto\">Ticari s\u0131r ve gizlilik belgeleri<\/span><\/li>\n<li><span dir=\"auto\">Fikri m\u00fclkiyet davalar\u0131 ve tahkim belgeleri<\/span><\/li>\n<li><span dir=\"auto\">Hukuki g\u00f6r\u00fc\u015fler ve \u00f6nceki teknik analizler<\/span><\/li>\n<li><span dir=\"auto\">Franchise ve marka koruma anla\u015fmalar\u0131<\/span><\/li>\n<li><span dir=\"auto\">Tasar\u0131m ve faydal\u0131 model uygulamalar\u0131<\/span><\/li>\n<li><span dir=\"auto\">Yaz\u0131l\u0131m ve dijital haklar s\u00f6zle\u015fmeleri<\/span><\/li>\n<li><span dir=\"auto\">Telif hakk\u0131 ve da\u011f\u0131t\u0131m anla\u015fmalar\u0131<\/span><\/li>\n<li><span dir=\"auto\">Patent ba\u015fvurular\u0131 ve temyiz ba\u015fvurular\u0131<\/span><\/li>\n<li><span dir=\"auto\">Gizlilik ve rekabet etmeme s\u00f6zle\u015fmeleri<\/span><\/li>\n<li><span dir=\"auto\">Fikri m\u00fclkiyet denetimi ve de\u011ferleme raporlar\u0131<\/span><\/li>\n<\/ul>\n<h3><span dir=\"auto\">&#8212;&#8212;&#8212;&#8212;&#8212;&#8212;&#8212;&#8212;&#8212;&#8212;&#8212;&#8212;&#8212;&#8212;&#8212;&#8212;&#8212;&#8212;&#8212;&#8212;&#8212;&#8212;&#8212;&#8212;&#8212;&#8212;&#8212;&#8212;&#8212;&#8212;&#8212;<\/span><\/h3>\n<h3><strong><span dir=\"auto\">Gizlilik, Teknik Do\u011fruluk ve Hukuki Ge\u00e7erlilik<\/span><\/strong><\/h3>\n<p><span dir=\"auto\"><strong>Fikri m\u00fclkiyet belgeleri genellikle hassas teknik veriler ve tescilli bilgiler<\/strong>\u00a0i\u00e7erir .<\/span><\/p>\n<p><span dir=\"auto\">Kalite Legal olarak\u00a0<\/span><strong><span dir=\"auto\">,\u00a0<\/span><\/strong><span dir=\"auto\"><strong>GDPR<\/strong>\u00a0ve\u00a0<strong>ISO 17100<\/strong>\u00a0gerekliliklerine tam uyumlu, en y\u00fcksek\u00a0<\/span><strong><span dir=\"auto\">gizlilik ve veri g\u00fcvenli\u011fi<\/span><\/strong><span dir=\"auto\">\u00a0standartlar\u0131n\u0131 garanti ediyoruz\u00a0.<\/span><\/p>\n<p><strong><span dir=\"auto\">T\u00fcm \u00e7evirmenler ve edit\u00f6rler gizlilik s\u00f6zle\u015fmeleriyle (NDA)<\/span><\/strong><span dir=\"auto\">\u00a0ba\u011fl\u0131d\u0131r\u00a0ve teknik ve hukuki materyalleri hassasiyetle ele almak \u00fczere e\u011fitilmi\u015ftir.<\/span><\/p>\n<p><span dir=\"auto\">M\u00fchendislik, ila\u00e7, bili\u015fim ve biyoteknoloji de dahil olmak \u00fczere \u00e7e\u015fitli sekt\u00f6rlere y\u00f6nelik\u00a0\u00f6zel\u00a0<\/span><strong><span dir=\"auto\">terminoloji veritabanlar\u0131 olu\u015fturarak, karma\u015f\u0131k fikri m\u00fclkiyet belgelerinin tutarl\u0131 ve do\u011fru bir \u015fekilde \u00e7evrilmesini sa\u011fl\u0131yoruz.<\/span><\/strong><\/p>\n<p><span dir=\"auto\">7\/24 proje y\u00f6netimimiz, k\u00fcresel dosyalama, dava s\u00fcre\u00e7leri ve d\u00fczenleyici ba\u015fvurular i\u00e7in sorunsuz koordinasyon sa\u011flar.<\/span><\/p>\n<h3><span dir=\"auto\">&#8212;&#8212;&#8212;&#8212;&#8212;&#8212;&#8212;&#8212;&#8212;&#8212;&#8212;&#8212;&#8212;&#8212;&#8212;&#8212;&#8212;&#8212;&#8212;&#8212;&#8212;&#8212;&#8212;&#8212;&#8212;&#8212;&#8212;&#8212;&#8212;&#8212;&#8212;<\/span><\/h3>\n<h3><strong><span dir=\"auto\">Fiyat Teklifi \u0130steyin<\/span><\/strong><\/h3>\n<p><span dir=\"auto\">Patent, marka veya telif hakk\u0131 belgeleriniz i\u00e7in onayl\u0131 terc\u00fcmelere mi ihtiyac\u0131n\u0131z var?<\/span><\/p>\n<p><strong><span dir=\"auto\">Kalite Legal Translations,<\/span><\/strong><span dir=\"auto\">\u00a0hukuk firmalar\u0131, fikri m\u00fclkiyet avukatlar\u0131 ve \u00e7okuluslu \u015firketler taraf\u0131ndan 50&#8217;den fazla dilde g\u00fcvenle kullan\u0131lan, ISO 17100 sertifikal\u0131 ve iki kez g\u00f6zden ge\u00e7irilmi\u015f \u00e7eviriler sunmaktad\u0131r.<\/span><\/p>\n<h4><strong><img decoding=\"async\" class=\"emoji\" role=\"img\" draggable=\"false\" src=\"https:\/\/s.w.org\/images\/core\/emoji\/17.0.2\/svg\/1f4e9.svg\" alt=\"\ud83d\udce9\" \/><span dir=\"auto\">Fikri m\u00fclkiyet hukuku \u00e7eviri uzmanlar\u0131m\u0131zla g\u00f6r\u00fc\u015fmek veya fiyat teklifi almak i\u00e7in bug\u00fcn ileti\u015fime ge\u00e7in.<\/span><\/strong><\/h4>\n<p>[\/vc_column_text][vc_empty_space css_params=&#8221;&#8221;][\/vc_column][vc_column width=&#8221;1\/3&#8243; conditional_render=&#8221;%5B%7B%22value_role%22%3A%22administrator%22%7D%5D&#8221; css_params=&#8221;&#8221;]<div class=\"porto-ultimate-content-box-container mb-5\"><style>.porto_ucb_b0572038ed623d75079aebad6cf9ef13{will-change: box-shadow;box-shadow:0px 0px 31px -5px rgba(0,0,0,0.14);}.porto_ucb_b0572038ed623d75079aebad6cf9ef13:hover{box-shadow:0px 0px 31px -5px rgba(0,0,0,0.14)}<\/style><div class=\"porto-ultimate-content-box vc_custom_1768400234565 porto_ucb_b0572038ed623d75079aebad6cf9ef13\" style=\"\">[vc_custom_heading text=&#8221;Hukuki \u00c7eviri Hizmetlerimiz&#8221; font_container=&#8221;tag:h5|font_size:1.4em|text_align:center|color:%23ad9263|line_height:20px&#8221; use_theme_fonts=&#8221;yes&#8221; font_weight=&#8221;700&#8243; letter_spacing=&#8221;-0.05em&#8221; css=&#8221;.vc_custom_1776147762804{margin-bottom: 33px !important;}&#8221; css_params=&#8221;&#8221;][vc_separator color=&#8221;white&#8221; border_width=&#8221;4&#8243; css=&#8221;&#8221; css_params=&#8221;&#8221;]<div class=\"widget_sidebar_menu main-sidebar-menu vc_custom_1776147789354  wpb_custom_f1bf3be01688f2932659384675d1d31c\"><div class=\"sidebar-menu-wrap\"><ul id=\"menu-hukuki-ceviri-alanlarimiz\" class=\"sidebar-menu\"><li id=\"nav-menu-item-3794\" class=\"menu-item menu-item-type-post_type menu-item-object-page  narrow \"><a href=\"https:\/\/kalitetercume.com.tr\/Legal\/tr\/saglik-hukuku\/\">Sa\u011fl\u0131k Hukuku<\/a><\/li>\n<li id=\"nav-menu-item-3790\" class=\"menu-item menu-item-type-post_type menu-item-object-page  narrow \"><a href=\"https:\/\/kalitetercume.com.tr\/Legal\/tr\/fikri-mulkiyet-hukuku\/\">Fikri M\u00fclkiyet Hukuku<\/a><\/li>\n<li id=\"nav-menu-item-3786\" class=\"menu-item menu-item-type-post_type menu-item-object-page  narrow \"><a href=\"https:\/\/kalitetercume.com.tr\/Legal\/tr\/ceza-hukuku\/\">Ceza hukuku<\/a><\/li>\n<li id=\"nav-menu-item-3782\" class=\"menu-item menu-item-type-post_type menu-item-object-page  narrow \"><a href=\"https:\/\/kalitetercume.com.tr\/Legal\/tr\/is-hukuku\/\">\u0130\u015f Hukuku<\/a><\/li>\n<li id=\"nav-menu-item-3775\" class=\"menu-item menu-item-type-post_type menu-item-object-page  narrow \"><a href=\"https:\/\/kalitetercume.com.tr\/Legal\/tr\/gayrimenkul-ve-insaat-hukuku\/\">Gayrimenkul ve \u0130n\u015faat Hukuku<\/a><\/li>\n<li id=\"nav-menu-item-3771\" class=\"menu-item menu-item-type-post_type menu-item-object-page  narrow \"><a href=\"https:\/\/kalitetercume.com.tr\/Legal\/tr\/vergi-ve-finans-hukuku\/\">Vergi ve Finans Hukuku<\/a><\/li>\n<li id=\"nav-menu-item-3765\" class=\"menu-item menu-item-type-post_type menu-item-object-page  narrow \"><a href=\"https:\/\/kalitetercume.com.tr\/Legal\/tr\/sigorta-hukuku\/\">Sigorta Hukuku<\/a><\/li>\n<li id=\"nav-menu-item-3761\" class=\"menu-item menu-item-type-post_type menu-item-object-page  narrow \"><a href=\"https:\/\/kalitetercume.com.tr\/Legal\/tr\/idari-hukuk\/\">\u0130dari Hukuk<\/a><\/li>\n<li id=\"nav-menu-item-3753\" class=\"menu-item menu-item-type-post_type menu-item-object-page  narrow \"><a href=\"https:\/\/kalitetercume.com.tr\/Legal\/tr\/uluslararasi-hukuk\/\">Uluslararas\u0131 Hukuk<\/a><\/li>\n<li id=\"nav-menu-item-3747\" class=\"menu-item menu-item-type-post_type menu-item-object-page  narrow \"><a href=\"https:\/\/kalitetercume.com.tr\/Legal\/tr\/denizcilik-hukuku\/\">Deniz Hukuku<\/a><\/li>\n<li id=\"nav-menu-item-3743\" class=\"menu-item menu-item-type-post_type menu-item-object-page  narrow \"><a href=\"https:\/\/kalitetercume.com.tr\/Legal\/tr\/cevre-hukuku\/\">\u00c7evre Hukuku<\/a><\/li>\n<li id=\"nav-menu-item-3732\" class=\"menu-item menu-item-type-post_type menu-item-object-page  narrow \"><a href=\"https:\/\/kalitetercume.com.tr\/Legal\/tr\/bankacilik-ve-finans-hukuku\/\">Bankac\u0131l\u0131k ve Finans Hukuku<\/a><\/li>\n<\/ul><\/div><\/div><\/div><\/div><div class=\"porto-ultimate-content-box-container text-center\"><style>.porto_ucb_b0572038ed623d75079aebad6cf9ef13{will-change: box-shadow;box-shadow:0px 0px 31px -5px rgba(0,0,0,0.14);}.porto_ucb_b0572038ed623d75079aebad6cf9ef13:hover{box-shadow:0px 0px 31px -5px rgba(0,0,0,0.14)}<\/style><div class=\"porto-ultimate-content-box vc_custom_1709720852896 porto_ucb_b0572038ed623d75079aebad6cf9ef13\" style=\"\">[vc_custom_heading text=&#8221;Size nas\u0131l yard\u0131mc\u0131 olabiliriz?&#8221; font_container=&#8221;tag:div|font_size:1.2em|text_align:center|color:rgba(255%2C255%2C255%2C0.9)|line_height:24px&#8221; use_theme_fonts=&#8221;yes&#8221; font_weight=&#8221;600&#8243; letter_spacing=&#8221;-0.05em&#8221; animation_delay=&#8221;500&#8243; el_class=&#8221;opacity-9 mb-1&#8243; animation_type=&#8221;lightSpeedIn&#8221; css_params=&#8221;&#8221;][vc_custom_heading text=&#8221;Hukuk \u00e7evirisine mi ihtiyac\u0131n\u0131z var?&#8221; font_container=&#8221;tag:h2|font_size:1.7em|text_align:center&#8221; use_theme_fonts=&#8221;yes&#8221; font_weight=&#8221;700&#8243; skin=&#8221;light&#8221; letter_spacing=&#8221;-1px&#8221; animation_delay=&#8221;750&#8243; el_class=&#8221;mb-2 font-style-normal&#8221; animation_type=&#8221;lightSpeedIn&#8221; css_params=&#8221;&#8221;][vc_custom_heading text=&#8221;Bizimle hemen ileti\u015fime ge\u00e7in.&#8221; font_container=&#8221;tag:p|font_size:1.1em|text_align:center|color:rgba(255%2C255%2C255%2C0.8)|line_height:26px&#8221; use_theme_fonts=&#8221;yes&#8221; animation_delay=&#8221;950&#8243; css=&#8221;.vc_custom_1776147842300{margin-bottom: 47px !important;}&#8221; el_class=&#8221;opacity-8&#8243; animation_type=&#8221;lightSpeedIn&#8221; css_params=&#8221;&#8221;]<div class=\"porto-sicon-box  vc_custom_1761551232120 top-n1-icon-box justify-content-center  wpb_custom_a4802976ddc90dd45e8cea536ff68ec0 style_1 default-icon\"><div class=\"porto-sicon-default\"><div class=\"porto-just-icon-wrapper porto-icon none\" style=\"color:var(--porto-primary-color);font-size:23.1px;\"><i class=\"Simple-Line-Icons-phone\"><\/i><\/div><\/div><div class=\"porto-sicon-header\"><a class=\"porto-sicon-box-link\" href=\"tel:+1234567890\"><div class=\"porto-sicon-title\" style=\"font-weight:700;font-size:21px;color:#ffffff;line-height:24px;letter-spacing:0;\">+90 507 220 38 62<\/div><\/a><\/div> <!-- header --><\/div><!-- porto-sicon-box --><div class=\"porto-sicon-box  vc_custom_1761551253231 top-2-icon-box justify-content-center  wpb_custom_2ccbe3e616e3e99d1ad178e76088c729 style_1 default-icon\"><div class=\"porto-sicon-default\"><div class=\"porto-just-icon-wrapper porto-icon none\" style=\"color:var(--porto-primary-color);font-size:25.2px;\"><i class=\"Simple-Line-Icons-envelope\"><\/i><\/div><\/div><div class=\"porto-sicon-header\"><a class=\"porto-sicon-box-link\" href=\"mailto:porto@consulting.com\"><div class=\"porto-sicon-title\" style=\"font-size:16.8px;color:#ffffff;line-height:24px;letter-spacing:0;\">info@kalitetercume.com.tr<\/div><\/a><\/div> <!-- header --><\/div><!-- porto-sicon-box --><div class=\"porto-sicon-box  vc_custom_1776147853909 top-n1-icon-box justify-content-center  wpb_custom_68c54048e3c209cf95a5deb478b05eb6 style_1 default-icon\"><div class=\"porto-sicon-default\"><div class=\"porto-just-icon-wrapper porto-icon none\" style=\"color:var(--porto-primary-color);font-size:25.2px;\"><i class=\"Simple-Line-Icons-calendar\"><\/i><\/div><\/div><div class=\"porto-sicon-header\"><div class=\"porto-sicon-title\" style=\"\">7 g\u00fcn 24 saat hizmetinizdeyiz<\/div><\/div> <!-- header --><\/div><!-- porto-sicon-box -->[vc_btn title=&#8221;\u0130leti\u015fime Ge\u00e7in&#8221; skin=&#8221;primary&#8221; btn_fw=&#8221;700&#8243; el_cls=&#8221;br-thick&#8221; link=&#8221;url:https%3A%2F%2Fkalitetercume.com.tr%2FLegal%2Ftr%2Filetisim%2F|title:Contact&#8221; btn_px=&#8221;2.4rem&#8221; btn_py=&#8221;1.29rem&#8221; el_class=&#8221;text-none mb-0&#8243; css_params=&#8221;&#8221;]<\/div><\/div>[\/vc_column][\/vc_row][vc_row full_width_css=&#8221;stretch_row_css&#8221; css=&#8221;.vc_custom_1767162407247{padding-top: 98px !important;padding-bottom: 218px !important;background-image: url(https:\/\/kalitetercume.com.tr\/Legal\/wp-content\/uploads\/2025\/12\/lf2-background-1-1.jpg?id=2687) !important;background-position: center !important;background-repeat: no-repeat !important;background-size: cover !important;}&#8221; el_class=&#8221;overlay-dark position-relative&#8221; conditional_render=&#8221;%5B%7B%22value_role%22%3A%22administrator%22%7D%5D&#8221; css_params=&#8221;&#8221;][vc_column el_class=&#8221;z-index-1&#8243; conditional_render=&#8221;%5B%7B%22value_role%22%3A%22administrator%22%7D%5D&#8221;][vc_custom_heading text=&#8221;Hukuk&#8221; font_container=&#8221;tag:h1|font_size:2.2em|text_align:center|line_height:24px&#8221; use_theme_fonts=&#8221;yes&#8221; font_weight=&#8221;600&#8243; skin=&#8221;primary&#8221; letter_spacing=&#8221;-0.05em&#8221; animation_delay=&#8221;200&#8243; el_class=&#8221;mb-2&#8243; animation_type=&#8221;fadeInUp&#8221; css_params=&#8221;&#8221;][vc_custom_heading text=&#8221;Terc\u00fcmanlar\u0131m\u0131z&#8221; font_container=&#8221;tag:h2|font_size:2.75em|text_align:center|line_height:42px&#8221; use_theme_fonts=&#8221;yes&#8221; text_transform=&#8221;text-capitalize&#8221; font_weight=&#8221;700&#8243; skin=&#8221;light&#8221; letter_spacing=&#8221;-1px&#8221; animation_delay=&#8221;400&#8243; el_class=&#8221;mb-0 font-style-normal&#8221; animation_type=&#8221;fadeInUp&#8221; css_params=&#8221;&#8221;][\/vc_column][\/vc_row][vc_row full_width_css=&#8221;stretch_row_css&#8221; no_padding=&#8221;yes&#8221; animation_delay=&#8221;1000&#8243; css=&#8221;.vc_custom_1767162167650{margin-top: -187px !important;padding-bottom: 24px !important;}&#8221; animation_type=&#8221;fadeInUp&#8221; conditional_render=&#8221;%5B%7B%22value_role%22%3A%22administrator%22%7D%5D&#8221; css_params=&#8221;&#8221;][vc_column conditional_render=&#8221;%5B%7B%22value_role%22%3A%22administrator%22%7D%5D&#8221;][porto_tb_posts post_type=&#8221;member&#8221; view=&#8221;slider&#8221; spacing=&#8221;20&#8243; columns=&#8221;5&#8243; columns_tablet=&#8221;2&#8243; navigation=&#8221;&#8221; pagination=&#8221;yes&#8221; dots_pos=&#8221;custom-dots&#8221; dots_visible=&#8221;{&#8220;xl&#8220;:&#8220;{&#8220;xl&#8220;:&#8220;`{`object&#8220;}&#8221; dots_original=&#8221;-50%&#8221; builder_id=&#8221;764&#8243; dots_pos_bottom=&#8221;{&#8220;sm&#8220;:&#8220;10&#8220;,&#8220;unit&#8220;:&#8220;&#8220;,&#8220;xs&#8220;:&#8220;&#8220;,&#8220;md&#8220;:&#8220;&#8220;,&#8220;lg&#8220;:&#8220;&#8220;,&#8220;xl&#8220;:-40}&#8221; dots_pos_left=&#8221;{&#8220;unit&#8220;:&#8220;%&#8220;,&#8220;xs&#8220;:&#8220;&#8220;,&#8220;sm&#8220;:&#8220;&#8220;,&#8220;md&#8220;:&#8220;&#8220;,&#8220;lg&#8220;:&#8220;&#8220;,&#8220;xl&#8220;:&#8220;50&#8220;}&#8221; dots_bg_color=&#8221;rgba(33,33,33,0.6)&#8221; dots_abg_color=&#8221;#212529&#8243; el_class=&#8221;mb-0 mb-md-5 pb-5 box-shadow-carousel p-l-md p-r-md&#8221;][\/vc_column][\/vc_row]<\/p>\n<\/div>","protected":false},"excerpt":{"rendered":"<p>[vc_row wrap_container=&#8221;yes&#8221; conditional_render=&#8221;%5B%7B%22value_role%22%3A%22administrator%22%7D%5D&#8221; css_params=&#8221;&#8221;][vc_column][vc_empty_space height=&#8221;20px&#8221; css_params=&#8221;&#8221;][vc_empty_space height=&#8221;20px&#8221; css_params=&#8221;&#8221;][vc_empty_space height=&#8221;20px&#8221; css_params=&#8221;&#8221;][\/vc_column][\/vc_row][vc_row full_width_css=&#8221;stretch_row_css&#8221; wrap_container=&#8221;yes&#8221; conditional_render=&#8221;%5B%7B%22value_role%22%3A%22administrator%22%7D%5D&#8221; css_params=&#8221;&#8221;][vc_column width=&#8221;2\/3&#8243;][vc_column_text css=&#8221;&#8221; css_params=&#8221;&#8221;] Patentler, Ticari Markalar ve Telif Haklar\u0131 i\u00e7in Hukuki Terc\u00fcme Fikri m\u00fclkiyet hukuku yarat\u0131c\u0131l\u0131\u011f\u0131, yenili\u011fi ve ticari de\u011feri korur; ancak fikri m\u00fclkiyet dili hem\u00a0hukuki hem de teknik niteliktedir. Kalite Legal olarak\u00a0,\u00a0dilsel hassasiyeti patent, marka ve telif hakk\u0131 hukukuna dair [&hellip;]<\/p>\n","protected":false},"author":1,"featured_media":0,"parent":0,"menu_order":0,"comment_status":"closed","ping_status":"closed","template":"","meta":{"_acf_changed":false,"footnotes":""},"class_list":["post-3787","page","type-page","status-publish","hentry"],"acf":[],"_links":{"self":[{"href":"https:\/\/kalitetercume.com.tr\/Legal\/wp-json\/wp\/v2\/pages\/3787","targetHints":{"allow":["GET"]}}],"collection":[{"href":"https:\/\/kalitetercume.com.tr\/Legal\/wp-json\/wp\/v2\/pages"}],"about":[{"href":"https:\/\/kalitetercume.com.tr\/Legal\/wp-json\/wp\/v2\/types\/page"}],"author":[{"embeddable":true,"href":"https:\/\/kalitetercume.com.tr\/Legal\/wp-json\/wp\/v2\/users\/1"}],"replies":[{"embeddable":true,"href":"https:\/\/kalitetercume.com.tr\/Legal\/wp-json\/wp\/v2\/comments?post=3787"}],"version-history":[{"count":1,"href":"https:\/\/kalitetercume.com.tr\/Legal\/wp-json\/wp\/v2\/pages\/3787\/revisions"}],"predecessor-version":[{"id":3788,"href":"https:\/\/kalitetercume.com.tr\/Legal\/wp-json\/wp\/v2\/pages\/3787\/revisions\/3788"}],"wp:attachment":[{"href":"https:\/\/kalitetercume.com.tr\/Legal\/wp-json\/wp\/v2\/media?parent=3787"}],"curies":[{"name":"wp","href":"https:\/\/api.w.org\/{rel}","templated":true}]}}